= -g**2 + 9*g - 9. Calculate k(l).
5
Let o(y) be the third derivative of y**5/60 - 23*y**4/24 + 23*y**3/6 + y**2 + 474*y. What is o(16)?
-89
Let o(x) = 42*x - 6. Let d(j) = 13*j - 2. Let t(a) = -13*d(a) + 4*o(a). Let f(h) be the first derivative of h**2/2 + 11*h + 5. Let p be f(-8). What is t(p)?
-1
Let o be -7*(-2 - 143/(-78)). Let c(u) be the second derivative of 1/12*u**4 + 20*u + 0 + o*u**3 + 4*u**2. Give c(-6).
2
Let y = -20668 + 20670. Let m(i) be the second derivative of -11*i + 3/2*i**y - 1/3*i**3 + 0. Calculate m(4).
-5
Let i = -13 - -9. Let b be (-25)/(45/(-100) + 1/5). Let s(r) = 5 - b*r**2 - 109*r**2 + r**3 - r + 212*r**2. What is s(i)?
-7
Let w(i) = -2*i**2 - 4*i + 1. Let x be (-864)/756 + (-54)/14. What is w(x)?
-29
Suppose -7*h + 12*h + 16 = -4*s, 3*s + 1 = -h. Let p(b) = -3*b**2 - 16*b - 5. Calculate p(h).
11
Let j(b) be the third derivative of 11*b**6/120 + b**5/20 - b**4/8 + b**3/6 - 198*b**2. What is j(2)?
95
Let n(y) = y**3 - 2*y**2 - 2*y - 4. Let s be (6*6/108)/((-9)/(-81)). Give n(s).
-1
Let y(s) = -s**3 + 24*s**2 + 115*s - 93. Let a be (6/(-2) + 1)*-4 + 20. Give y(a).
-9
Let t(p) = 2*p - 2. Let a(r) = 3*r + 21. Let y be (-13)/2 - 9/(-18). Let u be a(y). Let j be (1/(-1))/(u/12*2). Calculate t(j).
-6
Let t be 258/172*8/6. Let h(n) = -2 + 12*n**3 + 2*n**2 - 5*n**3 - 9*n**3. Determine h(t).
-10
Let n(x) = 2*x - 145. Let f(c) = 2*c - 120. Let o(q) = 6*f(q) - 5*n(q). What is o(-10)?
-15
Let k = 149 + -146. Suppose 4*v + 8 = y, -k*y + v + 9 = -y. Let i(f) = -f**3 + 2*f**2. Calculate i(y).
-32
Let y(s) = -2*s**2 - 24*s - 8. Let o = -3146 - -3134. What is y(o)?
-8
Let r(h) = -39*h + 3. Let i = -35652 + 35653. Give r(i).
-36
Suppose 22*r + 593 = -1. Let y(j) = -j**3 - 29*j**2 - 55*j - 21. Give y(r).
6
Let n = 1130 - 789. Let x(a) = -111 - a + n - 106 - 112. Calculate x(10).
2
Suppose 3*a - 7 + 37 = 0. Let r be 3 + (-34)/6 + 2/(-6). Let g be (a/(-4))/(r*(-5)/30). Let t(j) = 2*j**2 - 6*j - 6. Give t(g).
14
Let y(n) = -2*n**2 - 4*n + 60. Let m(p) = -10*p**2 - 20*p + 313. Let z(c) = -4*m(c) + 21*y(c). What is z(-4)?
-8
Let d(o) = o**3 + o**2 - 43*o + 7. Let f be d(6). Let x(u) = -70*u**2 + 1. Give x(f).
-69
Let l be 0 + 189/(-12) - ((-9)/12 - -1). Let c(a) = -a**2 - 18*a - 16. Calculate c(l).
16
Let p(c) be the first derivative of -2*c**3/3 + 17*c**2/2 + 3*c + 2911. What is p(12)?
-81
Suppose -85*a = -103*a + 72. Let n(y) = -y**3 + 3*y**2 + 6*y - 11. What is n(a)?
-3
Suppose -5*w + 5*u = 25, -5*w = -u - 22 + 59. Let b(f) be the third derivative of -f**4/24 - f**3/2 - 2*f**2 - 229. What is b(w)?
5
Let v(k) = -k**2 + 6*k + 6. Let r = -116 + 119. Suppose 3*z + 2*l - 3*l - 17 = 0, -r*l + 3 = 0. Suppose 2*p - 4*x + 4 = 0, -z*p + 2*p - 5*x = -44. What is v(p)?
6
Let v(p) = p**3 - 3*p**2 - p - 1. Suppose -40*t + 37*t = -6. Let o be 20/(-5) + (14/t)/1. Determine v(o).
-4
Let b(q) = q**3 - 7*q + 0*q**3 + 6*q + 49 + 0*q + 2*q**2 - 45. Determine b(-3).
-2
Let v(b) = 64 - 8 - 2 - 164 - 16 - 6*b. What is v(-31)?
60
Let z(s) = 27 - 5 + 4*s**2 - 3*s**2 - 13 - 10*s. Give z(11).
20
Let c = 58290 + -58294. Let n(i) = -i + 1. Let w(v) = 3*v + 3. Let t(q) = 3*q + 2. Let y(b) = -4*t(b) + 3*w(b). Let p(h) = -6*n(h) + y(h). Calculate p(c).
-17
Let k(g) be the third derivative of -1/12*g**4 + 0 + 3*g + 0*g**3 + 1/60*g**5 + 18*g**2. What is k(0)?
0
Suppose 124483*n = 124472*n - 11. Let r(d) = d**2 + 8*d + 9. Give r(n).
2
Let z(j) = 13*j**2 + 2*j - 1. Let q be ((-13)/(-2))/((-9)/2 + 5). Let p = 14 - q. Determine z(p).
14
Let h(v) = 10*v**2 + 4*v + 8. Suppose -26 = 4*f - 3*c, 48 - 18 = -6*f + 3*c. Calculate h(f).
40
Let f(t) = 312*t**2 + 3*t - 3*t - 325*t**2. Let b(y) = -25*y**2. Let s(g) = -2*b(g) + 5*f(g). Give s(-1).
-15
Let q(u) = -72 + 168 - 21*u + 118. Calculate q(10).
4
Let b(a) be the first derivative of -14/3*a**3 + 0*a**2 - 1/40*a**5 + 0*a + 6 + 1/12*a**4. Let p(j) be the third derivative of b(j). Give p(6).
-16
Let x(k) = k**3 + 6*k**2 + 11*k**2 + 6579 - 23*k - 6539 - 6*k**2. Calculate x(-13).
1
Let l(k) = -k - 2. Let o be 15/(-10)*88/12. Let x(j) = j**2 + 13*j + 12. Let q be x(o). Give l(q).
8
Let l(a) = -4*a + 11. Let y(o) = 9*o - 23. Let q = -57 - -54. Let h(v) = q*y(v) - 7*l(v). Let t = 10 - 3. Calculate h(t).
-1
Let m(q) = -2*q - 7. Let t(i) = -2*i - 8. Let b(u) = -6*m(u) + 5*t(u). Let a(k) = -7*k - 5. Let z(y) = -a(y) - 3*b(y). Give z(7).
6
Let l(w) = -w**2 + 3*w + 7. Let b(i) = -i**3 + 24*i**2 - 23*i + 7. Let j be b(23). Let g = -1 + j. What is l(g)?
-11
Suppose -2*v + 18 = 4*g, 3*v - 6 = 4*g + 21. Let b(h) be the third derivative of h**6/120 - 2*h**5/15 - h**4/2 + 7*h**3/2 - 263*h**2 - 2*h. Calculate b(v).
-6
Let g(b) = 2*b**3 - 3*b**2 + b. Suppose r + 0*r = -5*x + 10, 3*r - 4*x = -8. Let z be (-1)/(-1) + r/4 + -3. Let s be 4/(z/4*(6 + -10)). Calculate g(s).
6
Suppose 5*t = 5*h + 25, 4*t + 13 = h + 3. Let x(p) = -p - 43. Give x(h).
-33
Let v(y) = -y**2 + 7*y + 4. Let u be v(6). Let q(z) = 8245*z**2 - z**3 - 4*z - 5 + z + 4*z - 8235*z**2. Calculate q(u).
5
Let y be 2 - 0 - ((-156)/(-12) + -13). Let c(w) = 11*w - 23. Calculate c(y).
-1
Let x(w) = 5*w - 1. Let o(f) = -25*f + 5. Let s(h) = -2*o(h) - 11*x(h). Let d(v) = -v**2 + 2*v + 5. Let q be 5/1 + (-4 - 8/(-4)). Let t be d(q). Calculate s(t).
-9
Let f(i) = -i - 9. Suppose 5*o = o - 4. Suppose 12*m - 8*m = -s - 4, s - 2*m - 2 = 0. Let a be 1 + -10 - (s + o). Give f(a).
-1
Suppose 4*r + 18 + 38 = 0. Let y(o) = -185*o + 0 + 51*o - 4 + 53*o - 15*o**2 + 67*o - o**3. Let t be y(r). Let u(x) = -x**2 - x + 4. Calculate u(t).
-8
Let n(o) = 12*o - 14. Let f(q) = -62*q + 78. Let a(t) = -4*f(t) - 22*n(t). Give a(5).
-84
Suppose r = 3*h + 1, -203 + 196 = h + 3*r. Let x(f) = -3*f**3 - f**2 - 3*f - 2. Give x(h).
3
Let w(s) = -s**3 - 4*s**2 - 6*s - 3. Let k be 1/((-404)/101 + (-14)/(-4)). Determine w(k).
1
Let o(m) = 2*m + 0*m - 5*m + 122 + 2*m + 6*m. Let h be o(-24). Let u(l) be the second derivative of l**4/4 + l**3/2 - l**2/2 + 2*l. Give u(h).
17
Suppose 0 = -v + 3*v - 24. Suppose v*r + 17 + 31 = 0. Let i(m) = -6*m - 1. Determine i(r).
23
Suppose 4*d - 3*d - 22 = -2*t, -2*t + 3*d = -30. Let y(k) = -k**3 + 6*k**2 + 8*k + 2 + 9 - t. Determine y(7).
6
Let y(k) be the second derivative of k**4/12 - 2*k**3/3 - 3*k**2 - 2*k + 52. Let o(h) = -2*h - 23. Let r be o(-16). Suppose 14*t = r*t + 35. Calculate y(t).
15
Let s(z) be the third derivative of 2/15*z**5 - 1/12*z**4 + 0*z - 1/120*z**6 + 1/2*z**3 - 6 - 4*z**2. What is s(8)?
-13
Let k(z) = z - 5. Let f(s) = -14*s**3 - 6*s + 14. Let l be f(2). Let i(c) = 3*c**3 - 4*c**2 - 3*c + 1. Let g be i(4). Let a = l + g. Determine k(a).
2
Suppose -62 = -9*t - 26. Suppose 5*v - 6 - 3 = t*c, -4*c - 5 = -v. Let l(g) = 3*g**2 - g + 1. Calculate l(v).
3
Let v(r) be the second derivative of r**4/12 - 5*r**3/3 - 3*r**2 - 2*r + 385. Let s be 12 + (8 - 4) + -5. Give v(s).
5
Let q(j) = j**2 - 13*j + 31. Let k be q(10). Let w(h) = -97*h + 2. Let o(r) = -46*r + 1. Let z(f) = -7*o(f) + 3*w(f). What is z(k)?
30
Let i(u) = -476 - 7*u + 476. Give i(-3).
21
Suppose -2*o + 4 = -3*z, 2*z - 4*o - 9 = -17. Let v(t) = t**2 - 2*t - 15. Determine v(z).
-15
Let i(q) = 5*q**3 + q**2 - 2*q - 2. Let d be -19 + 13 + 28/(1 - -1). Let g(o) = -o**3 + 9*o**2 - 11*o + 22. Let r be g(d). Give i(r).
-34
Let d(r) be the second derivative of -r**6/120 - r**5/10 + 2*r**3/3 - 11*r**2 - 141*r + 1. Let p(y) be the first derivative of d(y). What is p(-6)?
4
Let j(u) be the first derivative of u**2 - u + 9307. Let y(g) = 4*g**2 + g - 2. Let m be y(-2). Calculate j(m).
23
Let f(i) = 4*i**2 - i + 2. Suppose -4*u - 5*b - 2 = 0, 0 = -4*u + u - 5*b + 1. Let p be (-165)/220 + (30/8)/u. Calculate f(p).
20
Let j(m) = -147 - 223 + 124 + 81*m. Calculate j(3).
-3
Let b(q) = -9*q**3 + 8*q**2 + 8*q - 30. Let f(r) = 2*r**3 + 2*r**2 + r. Let c(x) = b(x) + 5*f(x). Determine c(-17).
38
Suppose -9*q = -6*q + 21. Let m be -20*(56/10)/q. Let k(r) = 8*r - 10 + 3*r**2 - 15*r**3 + m*r**3 - 11*r**2. Calculate k(7).
-3
Suppose 5*h = -2*i - 196, 2*i - 7*i - 5*h = 520. Let w(r) = 13*r**3 + r**2 + r + 1. Let y be w(2). Let l = i + y. Let d(k) = k**2 - 7*k + 4. Determine d(l).
-8
Let p(b) = b + 1. Let l be -7*4/(-14)*-1. Let j be l/23 - 3021/437. Give p(j).
-6
Let x(w) = -w**3 + 10*w**2 - 9*w + 5. Suppose 0 = 3*i - 5*j - 10, -3*i + 0*j + 4